 25 divide 14152624?
False
Is 476062923 a multiple of 44?
False
Is 36 a factor of 131844625?
False
Is 168720656 even?
True
Is 26 a factor of 4931163952?
True
Is 10 a factor of 737181320?
True
Is 12 a factor of 86736240?
True
Is 3254 a factor of 713823038?
False
Is 747441695 a multiple of 8855?
True
Is 2613021620 a multiple of 671?
True
Is 3300 a factor of 288670997?
False
Is 575187910 a multiple of 1342?
True
Does 1763 divide 630730880?
True
Is 241 a factor of 85093244?
True
Does 76 divide 181407516?
True
Does 23 divide 98757032?
True
Is 2 a factor of 3782332?
True
Is 3 a factor of 192634611?
True
Is 947 a factor of 1406987257?
True
Does 81 divide 242143911?
True
Does 187 divide 115170308?
True
Is 26 a factor of 114582785?
False
Is 910655749 a multiple of 8?
False
Does 13 divide 99551671?
False
Is 15547220 a multiple of 20?
True
Is 82092261 a multiple of 579?
False
Does 26 divide 480056905?
False
Is 158625623 a multiple of 37?
True
Does 11 divide 27844340?
False
Is 642791600 a multiple of 7645?
True
Does 53 divide 10154576?
False
Is 26 a factor of 211499792?
False
Does 1259 divide 1338670?
False
Does 2456 divide 285883312?
True
Does 2413 divide 9553067?
True
Is 7595 a factor of 1554240800?
True
Is 387323981 a multiple of 8493?
False
Is 170 a factor of 2437456?
False
Is 2489658112 a multiple of 992?
True
Is 62585406 a multiple of 51?
False
Does 21 divide 145120490?
False
Does 270 divide 37828174?
False
Does 84 divide 13132980?
True
Is 213 a factor of 3770783?
False
Is 944 a factor of 3533606439?
False
Does 3 divide 11383889?
False
Is 207 a factor of 74462040?
True
Is 117 a factor of 92125098?
True
Does 199 divide 55362596?
True
Does 11 divide 203688563?
False
Does 5 divide 108449830?
True
Does 465 divide 32835789?
False
Is 390838153 a multiple of 389?
False
Is 104 a factor of 191625954?
False
Does 2642 divide 98538674?
True
Is 343203814 a multiple of 156?
False
Does 8 divide 83631955?
False
Is 34 a factor of 1255090824?
True
Is 852 a factor of 620669220?
True
Is 24664458 a multiple of 50?
False
Is 234709480 a multiple of 170?
True
Is 661 a factor of 829519160?
False
Is 174 a factor of 4681077456?
True
Is 12223380 a multiple of 52?
True
Does 126 divide 1083904601?
False
Does 304 divide 128280634?
False
Is 208 a factor of 59986368?
True
Does 77 divide 119869193?
False
Does 1102 divide 4075851716?
False
Is 18 a factor of 2770902?
True
Does 31 divide 932027585?
False
Is 7 a factor of 468795534?
False
Does 9 divide 52956610?
False
Is 102044039 a multiple of 491?
True
Does 72 divide 598922064?
True
Is 643 a factor of 55802112?
True
Does 1874 divide 102809657?
False
Does 319 divide 48088293?
True
Does 24 divide 9986938680?
True
Is 20721972 a multiple of 573?
True
Does 4730 divide 789084008?
False
Does 910 divide 478475981?
False
Is 6 a factor of 486576624?
True
Is 3068 a factor of 46289984?
True
Is 76301304 a multiple of 282?
True
Is 86 a factor of 130829698?
False
Does 722 divide 41924222?
False
Is 404 a factor of 2638699740?
True
Does 142 divide 53333233?
False
Does 153 divide 37108732?
False
Does 1137 divide 4021739550?
True
Is 338244207 a multiple of 2989?
True
Is 21 a factor of 410959164?
True
Is 95006287 a multiple of 1462?
False
Is 7 a factor of 4792420?
False
Is 875 a factor of 87096727?
False
Is 1182974049 a multiple of 11699?
False
Is 14260059 a multiple of 3?
True
Is 6 a factor of 7390740?
True
Is 106748340 a multiple of 81?
False
Is 362 a factor of 119661634?
True
Is 7 a factor of 191358779?
False
Is 2674 a factor of 29440740?
True
Is 834 a factor of 110011474?
False
Is 26 a factor of 109668026?
True
Does 27 divide 89441665?
False
Is 403092457 a multiple of 3836?
False
Is 7 a factor of 176974?
True
Is 44 a factor of 7658221?
False
Does 10 divide 74152900?
True
Does 22 divide 2471330?
False
Is 18 a factor of 242881632?
True
Is 13408683 a multiple of 1200?
False
Is 88819492 a multiple of 17?
True
Does 1811 divide 1467424563?
False
Is 694 a factor of 31161696?
False
Is 60 a factor of 33826788?
False
Is 78243437 a multiple of 1356?
False
Is 72 a factor of 637991580?
False
Is 7 a factor of 26026091?
True
Does 3 divide 63691729?
False
Does 73 divide 79056883?
True
Does 5 divide 83330160?
True
Does 20 divide 927296939?
False
Is 50006399 a multiple of 59?
False
Does 142 divide 5591216?
False
Does 3731 divide 15968680?
True
Does 9 divide 105860496?
False
Is 28944907 a multiple of 861?
False
Is 11282760 a multiple of 360?
True
Does 1688 divide 25573298?
False
Is 52873604 a multiple of 1921?
True
Is 2923103662 a multiple of 190?
False
Is 2 a factor of 122825?
False
Is 165849645 a multiple of 1585?
True
Is 1216 a factor of 51816490?
False
Is 181 a factor of 9560614?
False
Does 2852 divide 2248374200?
True
Is 48962665 a multiple of 535?
True
Is 3 a factor of 15251308?
False
Does 1273 divide 127454033?
True
Is 95533453 a multiple of 1476?
False
Is 795 a factor of 39634213?
False
Is 30043668 a multiple of 12?
True
Is 13748997 a multiple of 3?
True
Does 113 divide 44684381?
True
Does 1472 divide 37064346?
False
Is 114261828 a multiple of 51?
True
Is 23 a factor of 41018653?
False
Does 2797 divide 58347178?
False
Is 509596678 a multiple of 289?
False
Is 262736503 a multiple of 87?
False
Is 47 a factor of 1540273574?
False
Does 326 divide 1677240008?
True
Is 351291664 a multiple of 944?
True
Does 284 divide 583730925?
False
Is 8 a factor of 2097232?
True
Is 112896784 a multiple of 742?
True
Is 35638214 even?
True
Is 266580445 a multiple of 3588?
False
Does 34 divide 172450745?
False
Does 680 divide 49319720?
True
Is 1100475 a multiple of 73?
True
Does 174 divide 274992?
False
Is 3244570 a multiple of 7?
True
Does 73 divide 3625879267?
True
Does 1707 divide 36113732?
False
Does 27 divide 170255034?
True
Does 21 divide 409101837?
False
Is 299129540 a multiple of 212?
False
Is 1096288 a multiple of 40?
False
Does 39 divide 4310794722?
True
Does 26 divide 683418840?
True
Is 309 a factor of 371007339?
True
Is 6595881 a multiple of 17?
True
Is 14 a factor of 35101668?
True
Is 52974 a multiple of 12?
False
Is 151158965 a multiple of 10?
False
Is 94379961 a multiple of 1075?
False
Is 79 a factor of 42102655?
True
Is 3 a factor of 6733334?
False
Does 2 divide 19655378?
True
Is 91 a factor of 6145958?
True
Does 40 divide 952010?
False
Is 226647918 a multiple of 21?
True
Is 7 a factor of 22911398?
False
Does 90 divide 59199930?
True
Is 1746 a factor of 416744010?
True
Does 399 divide 6794100?
False
Is 26710528 a multiple of 200?
False
Does 41 divide 90027875?
False
Does 104 divide 53292616?
True
Is 8 a factor of 639763064?
True
Is 3713696 a multiple of 23?
False
Is 45 a factor of 227332356?
False
Does 106 divide 219996325?
False
Is 58537852 a multiple of 23?
True
Is 1542 a factor of 27208865?
False
Does 1931 divide 977053173?
True
Is 3565440640 a multiple of 5754?
False
Is 34 a factor of 551280203?
False
Is 48 a factor of 200823981?
False
Is 57 a factor of 6892839?
True
Is 13 a factor of 867779861?
True
Does 14 divide 2158327542?
True
Is 19 a factor of 81701729?
True
Is 1531935 a multiple of 577?
True
Does 23 divide 690527211?
False
Is 24380946 a multiple of 1297?
False
Is 16063759 a multiple of 41?
True
Is 200 a factor of 10936048?
False
Does 191 divide 7047462?
False
Is 146 a factor of 112737156?
False
Does 944 divide 320220744?
False
Is 1284958 a multiple of 10?
False
Is 1060781927 a multiple of 1777?
True
Is 7910066 a multiple of 83?
True
Does 135 divide 383248863?
False
Is 450074856 a multiple of 92?
True
Does 20 divide 1345225576?
False
Is 96918283 a multiple of 374?
False
Is 29528007 a multiple of 21?
False
Is 512 a factor of 113487360?
True
Is 1007 a factor of 496175570?
False
Is 39123700 a multiple of 385?
True
Is 1621 a factor of 596220348?
False
Is 1158464143 a multiple of 41?
True
Is 491767416 a multiple of 1074?
True
Is 298 a factor of 126868833?
False
Is 157450896 a multiple of 18?
True
Does 5 divide 835425745?
True
Does 46 divide 167759792?
True
Is 334 a factor of 526626150?
True
Is 36286361 a multiple of 2005?
False
Is 28 a factor of 483516901?
False
Is 69 a factor of 93693099?
True
Does 6 divide 8295891?
False
Is 770101324 a multiple of 652?
True
Does 777 divide 7371432?
False
Does 62 divide 1354566452?
True
Is 67 a factor of 311439316?
True
Does